6/(-30)*5. Let a = j + 404. Let p = 299 - a. Calculate the remainder when p is divided by 27.
24
Let d = 12532 - 7431. Calculate the remainder when d is divided by 58.
55
Suppose 2*v = 5*o + 2882, -550 = 10*v - o - 14912. Calculate the remainder when v is divided by 40.
36
Let u(h) = 2*h**3 + 30*h**2 - 37*h + 59. Calculate the remainder when u(-11) is divided by 33.
15
Let t = -313 + 399. Let u = t + -46. What is the remainder when 214 is divided by u?
14
Suppose -863*o + 3963 = 3*y - 858*o, -6577 = -5*y + o. Calculate the remainder when y is divided by 322.
28
Let t = -225 + 529. Let y = t + -285. Let u(v) = v - 2. What is the remainder when y is divided by u(7)?
4
Suppose -6*t - 4*o - 1031 + 6309 = 0, 4*t + 2*o = 3524. Calculate the remainder when t is divided by 148.
145
Let w = 2599 - 2592. What is the remainder when 43 is divided by w?
1
Suppose 0 = 2*w + 2*h - 38, -5*w + h - 73 = -9*w. Let q(l) = -2*l - 15. What is the remainder when w is divided by q(-10)?
3
Suppose -5*m + 2*l = -1938, -3*m - 12*l = -9*l - 1167. Suppose -5*d - 298 = -m. Calculate the remainder when 70 is divided by d.
16
Let c(y) = 5*y**2 + 10*y + 41. Let p be c(11). Suppose 6*q - p = -3*q. Calculate the remainder when 164 is divided by q.
80
Let a(r) = r**2 - 3*r + 3. Let j = -105 + 253. Let w = -127 + j. Calculate the remainder when w is divided by a(5).
8
Let p(y) = 9*y - 173. Let d be p(19). What is the remainder when 93 is divided by (-12)/66 + (-356)/(-22) + d?
9
Let b = -88 + 9. Let u be 7781/(-124) + (-9)/(-12). Let c = u - b. Calculate the remainder when 83 is divided by c.
15
What is the remainder when (-15132)/(-36) - ((-14)/(-15) + 9/(-15)) is divided by 142?
136
Let x(d) be the third derivative of 3*d**4/4 + 137*d**3/3 - 38*d**2 + 1. What is the remainder when 111 is divided by x(-12)?
53
Let w be (-64)/(-12)*30/(-20). Let m(u) = -14*u - 38. Calculate the remainder when m(w) is divided by 28.
18
Calculate the remainder when 216 is divided by (6/(-4))/((-114)/2356).
30
Suppose -y + 60 = 4*y. Suppose 3*g + k = -g + y, k - 4 = 0. Suppose g*u - 236 = 190. What is the remainder when u is divided by 54?
51
Let d(l) = -3*l + 28. Let t = 51 - -86. What is the remainder when t is divided by d(-6)?
45
Let u(f) = f**3 - 4*f**2 - 15. Let b = 323 + -230. Suppose 3*l + 78 = b. What is the remainder when u(l) is divided by 3?
1
Let a(u) = 0 + 1 + u**2 + 3 - 8*u. Let z be a(8). Suppose 4*d - 182 = -2*t, -6*t + 469 = -t - z*d. Calculate the remainder when t is divided by 32.
29
Let c be (-25)/(-15) + (-4)/(-12). Suppose c*m + 132 = 4*d, 4*m + 40 = 5*d - 4*d. What is the remainder when 383 is divided by d?
31
Let a be 2 - (6*-5)/((-3)/(-9)). Suppose 10*i = l + 8*i - a, 4*l - i = 361. What is the remainder when l is divided by 32?
26
Calculate the remainder when 0/(1457/31) + 1/((-2)/(-476)) is divided by 23.
8
Let u = 101 + -43. Suppose u = 8*q - 22. Suppose 0*c = -q*c + 1630. Calculate the remainder when c is divided by 41.
40
Suppose 294*w = 297*w - 321. Suppose 0 = 21*g + w - 758. Let r(j) = 2*j**2 + 8*j - 6. Calculate the remainder when g is divided by r(-6).
13
Let j(c) = -9*c**3 + 63*c**2 + 6*c + 12. What is the remainder when 661 is divided by j(7)?
13
Let x(j) be the first derivative of -j**4/4 - 14*j**3/3 + 8*j**2 + 21*j + 12. Let c be x(-15). Calculate the remainder when c/10 + 474/10 is divided by 13.
9
Suppose 9*v + 9566 = -168*v + 33992. Calculate the remainder when v is divided by 104.
34
Let j(v) = v**3 + v**2 + v + 31. Suppose -24*b + 592 + 985 = -1351. Calculate the remainder when b is divided by j(0).
29
Let b(u) = 119*u - 1. Let j = 3849 + -3845. What is the remainder when b(1) is divided by j?
2
Let l be (6/(-5))/(3/5). Let v(p) = 5*p**2 + 6*p + 8. Suppose z - 61 = 5*q, -5*z + q - 135 = -8*z. What is the remainder when z is divided by v(l)?
14
Let j(s) = -8*s**2 + 168*s + 57. What is the remainder when j(21) is divided by 56?
1
Suppose -5*x - 20 = -f, -f - 5*x - 26 + 6 = 0. Suppose 24*i - 201 - 183 = f. What is the remainder when 33 is divided by i?
1
Suppose 1109 = 5*b - 1071. Let w = b + -273. Suppose -30*k + 32*k = 66. What is the remainder when w is divided by k?
31
Suppose 2*c - 1138 = c - 11*b, -3*c + 3144 = 3*b. Calculate the remainder when c is divided by 221.
155
Let v = 11623 + -11087. What is the remainder when v is divided by 50?
36
Let w(j) = 16*j - 118. Let b be w(15). Suppose -m - 5*a + b = 0, 72 - 301 = -2*m + 5*a. What is the remainder when m is divided by 61?
56
Suppose 0 = 5*t - 4*l - 108, 15 - 119 = -5*t + 2*l. Calculate the remainder when -7*3/(3/(-11)) is divided by t.
17
Suppose -1282 - 116 = -13*h + 162. Let z(q) = 4*q + 4. Let r be z(5). Let v = h - r. Calculate the remainder when v is divided by 14.
12
Suppose 0 = -2*g - 5*y + 207, 4*g = -18*y + 392 + 78. What is the remainder when 1047 is divided by g?
15
Suppose m = -7*m. Suppose m*u - a + 98 = 5*u, 3*a = -6. What is the remainder when 30 is divided by u?
10
Let s(h) = h**3 + 3*h**2 - 92*h - 39. Calculate the remainder when 717 is divided by s(-10).
174
Suppose k - 89 = -4*s, -k + 48 = -4*s - 1. What is the remainder when k is divided by ((-6)/9 - (-321)/18*2) + (-4)/(-2)?
32
What is the remainder when 2032 is divided by (19 - (-3870)/(-210))/(2/182)?
4
Let v be (1 + 0)/1 + 0. Let t(p) = p**2 + 8*p - 511. Let j be t(20). What is the remainder when j - (11 + -13 + v*3) is divided by 19?
10
Let d(h) = h**2 + h + 3. Let n be d(-2). Suppose 58 = f - 0*f + 2*g, 326 = n*f + g. Calculate the remainder when 329 is divided by f.
65
Suppose 19*c + 1014 = 159. Calculate the remainder when 88 is divided by (-90 - 0)/(9/(c/10)).
43
Let u = 1068 + -691. Calculate the remainder when u is divided by 93.
5
Suppose -2237826 + 1414516 + 6581338 = 452*h. What is the remainder when h is divided by 91?
90
Suppose -27067 - 1459 = -19*i + 9968. What is the remainder when i is divided by 70?
66
Let h = 701 - 206. Let u = 516 - h. Calculate the remainder when 188 is divided by u.
20
Let m be (-1)/14*106 - (-8)/14. What is the remainder when 65 is divided by m/(-3 + 17)*-46?
19
Let f = 99 + -121. Calculate the remainder when 101 is divided by (-20)/(35/(-7)) - f.
23
Suppose 3*q - 3*a + 86 = 5*q, 2*q + 2*a = 82. Let v = -5567 - -6119. Calculate the remainder when v is divided by q.
34
Let t(r) = -r**3 - 7*r**2 - 5*r + 12. Let o be 4/(-14) + 46/14. Suppose 4 = v - 4*u, u = -v - o + 7. What is the remainder when t(-6) is divided by v?
2
Let a(d) = -d**2 - 2*d + 3. Let m be a(-3). Suppose m = 2*h - 9 + 1. Let l = 131 - 119. Calculate the remainder when l is divided by h.
0
Suppose -11 = 9*j - 29. Suppose 830 = -j*q + 6*q - 2*o, 3*o - 825 = -4*q. Calculate the remainder when q is divided by 13.
12
Let n = 4 + 2. Let o be (9/(-7) - -1)/(n/(-42)). Suppose o*k + 3*x = 28, -2*k - 3*x + 6*x + 28 = 0. Calculate the remainder when 69 is divided by k.
13
Calculate the remainder when 1106 is divided by 864/(-2304) + 1718/16.
36
Suppose 0 = 2*i - 2*w - 490, -607 = i + w - 858. What is the remainder when 597 is divided by i?
101
Let m be (6 - (2 + -5))*1 + -5. Suppose -156 = -m*k - 8*k. Calculate the remainder when 62 is divided by k.
10
Let l = 65 + -37. Suppose -l*d + 1065 = -23*d. Calculate the remainder when d is divided by 36.
33
What is the remainder when 492 is divided by 39 + -34 - (-94)/12 - 7/(-42)?
11
Let v = 4900 + 3172. What is the remainder when v/48 - 1*(-1)/(-6) is divided by 57?
54
What is the remainder when ((-4)/(-5))/((-8)/(-3580)) is divided by 29?
10
Suppose 35 + 35 = 5*s. Suppose -4*z - s = -6*z + 4*a, 4*z + 4*a - 28 = 0. What is the remainder when z is divided by 2?
1
Suppose -7*m + 5*m + 2 = 0. What is the remainder when 279/15 + (-8)/(-20) is divided by 11/((m + 1)/(2 - 0))?
8
Suppose 0 = -3*s - 5*k + 33, -2*k = 5*s + 2 - 38. Let x(n) = 3*n + 56. What is the remainder when x(s) is divided by 47?
27
Suppose 2*p - 4*p + 16 = 0. Let d(x) = 5*x**3 - 2*x**2 - 7*x - 1. Let m be d(-2). What is the remainder when (-4)/14 - 535/m is divided by p?
7
Calculate the remainder when 113 is divided by 1/(-5) + (-11076)/(-780).
1
Suppose -3*z + 2*q = -12, -5*q + 12 = 3*z - 10*q. Suppose -2106 - 2838 = -4*m - 3*u, z*u = 0. What is the remainder when ((m/9)/4)/((-1)/(-3)) is divided by 26?
25
Suppose -8 - 10